*s(v). What is g(f)?
5
Let u(a) = 3*a**2 + a + 1. Suppose 3*y + 5*k + 8 - 24 = 0, -6 = -3*k. Let g = y + -3. Determine u(g).
3
Let a(f) = -f**2 + f + 4. Let k(j) = 12*j - 152. Let q be k(13). What is a(q)?
-8
Let d(w) = w**2 - 13*w - 27. Let b be d(15). Let x(s) = 4*s + 17*s**2 - 2*s**b + s**3 + 6 - 12*s**2. Determine x(6).
-6
Let a = -1355 + 1357. Let g(u) = 3*u + 4. Let q(s) = -3*s - 5. Let h(l) = 4*g(l) + 3*q(l). Calculate h(a).
7
Let g(v) be the first derivative of 3*v**4/2 - v**2/2 + v - 223. Calculate g(1).
6
Let a(t) = 57*t - 1 + 64*t - 122*t - 4. Let z(r) = r**3 - 5*r**2 + 4*r. Let x = 0 - -4. Let g be z(x). Calculate a(g).
-5
Let c(t) be the first derivative of -4*t**2 - 9*t - 1/3*t**3 - 16. What is c(-7)?
-2
Let o(p) = p**3 + 4*p**2 + p - 4. Let b = 25 - 28. Let i be 85/(-20) - b/12. What is o(i)?
-8
Let l(t) = t**3 + 2*t**2 - 4*t. Let p(u) be the first derivative of -u + 2. Let r(o) = o + 15. Let m(d) = -2*p(d) - r(d). Let f be m(-10). Calculate l(f).
3
Suppose 3*v - 9 = 6. Suppose -t + v*t = 8. Let x(i) = 10*i + 1. What is x(t)?
21
Suppose 0 = z - 1 - 1. Suppose 0*b - z*b = -10. Let k(i) = 3*i - 2 - b*i + 5 - 1. Calculate k(2).
-2
Let f(x) = -x**2 - 12*x - 5. Let d(v) = 2*v**2 + 25*v + 12. Let h(t) = 4*d(t) + 7*f(t). Determine h(-15).
-2
Suppose -2*n + 6 = -0*n. Suppose n*i - 2 = 2*i. Suppose i*t - 6*t = -20. Let w(d) = d**2 - 4*d - 3. Give w(t).
2
Let g(t) be the first derivative of t**3/3 + 2*t**2 + 4*t - 16. Give g(-4).
4
Let g(a) = -3*a + 7*a + 5*a - 11*a + 4*a - 2. Let v be -2 - 0/2 - -4. Give g(v).
2
Let s(o) = 13 + 10*o + 17 - 19. Let w(h) = -11*h - 13. Let i(g) = 5*s(g) + 4*w(g). What is i(-2)?
-9
Let m(c) = -c - 2. Let g(r) = 3*r. Let y(h) = -h + 1. Let s(f) = -g(f) - 5*y(f). Let n be s(10). Let d be 2/3*n/(-10). What is m(d)?
-1
Suppose b + 16 = -3*y, -b - 4*y - 20 = -0*y. Suppose 0 = 2*k - 2*i - 6, 3*k - 16 = 4*i - 6. Let l(x) = 0*x + 0*x + 2*x + k + 0*x. Determine l(b).
-6
Let q = 71 + -41. Suppose q = 3*r + 4*g, -r - g - 5 + 14 = 0. Let o(n) = -n**3 + 6*n**2 - 2*n + 1. Give o(r).
-11
Let y(a) be the second derivative of -a**4/12 - 5*a**3/6 - 3*a**2 - 3*a + 6. Calculate y(-5).
-6
Suppose 14*x + 156 = 66*x. Let n(q) = q**3 - 2*q**2 - 11. What is n(x)?
-2
Suppose 2*w = 5*w - 6. Let l(y) = 5*y + 2. Calculate l(w).
12
Let r(m) = -36*m - 200. Let w be r(-5). Let s(n) = 2*n + 37. What is s(w)?
-3
Let u(z) = z**2 - 118 + 10*z + 23 + 28 + 28 + 43. Let l(o) = -2*o**2 + 4*o - 4. Let k be l(3). Calculate u(k).
4
Let n(l) be the second derivative of -l**5/20 + l**4/2 - l**3/3 - 5*l**2/2 - 14*l. What is n(4)?
19
Let y(n) = n**3 + 7*n**2 - 7*n + 8. Suppose 3*v - 40*i = -41*i - 25, 0 = -3*i - 3. Calculate y(v).
0
Suppose -8*g + 5 = -3*g. Let t = g - -7. Let b(p) = t*p - 1 + 10 - 2 - 8. Give b(1).
7
Let h(g) = -g**3 - 5*g**2 + 5. Let m be -5 - -1 - (-3 + -4). Suppose -2*f = 5*t - 0*t + 10, m*t = 0. Give h(f).
5
Let r(h) be the first derivative of h**6/360 - 2*h**4/3 - 8*h**3/3 - 15. Let w(a) be the third derivative of r(a). Give w(0).
-16
Let f(q) = -q**3 + q**2 + 3*q - 3. Let h = 10 + -8. Let z be ((-1)/3)/(h/(-36)). Suppose -5*m + 4 = -z. What is f(m)?
-1
Suppose -3*a + 2 = -52. Let t(s) = 6 + 4 - a + 3*s. Calculate t(6).
10
Let a = -99 + 106. Let l(u) = -u**2 + 9*u + 5. Calculate l(a).
19
Let q(y) be the third derivative of y**5/60 - y**4/6 - y**3/2 + y**2. Let a = 23 + -17. Suppose 5*g + 4 = a*g. Calculate q(g).
-3
Suppose 4 = r + 6. Let v(z) = z**3 + 4*z**2 + 3*z. Let i be v(r). Suppose i*f = f - 6. Let b(y) = -y**3 - 5*y**2 + 6*y + 5. Calculate b(f).
5
Suppose 3*d - 3 = 12. Let z(v) = -18*v - 35. Let q(b) = 13*b + 24. Let j(p) = 7*q(p) + 5*z(p). Calculate j(d).
-2
Let j be (-4)/26 + 45/39. Let y(n) = n + 1. Let b(l) = -l**2 + 8*l + 10. Let s(g) = j*b(g) - 3*y(g). Let c be 1/((-8)/(-7) + -1). Calculate s(c).
-7
Let n(w) be the third derivative of -2*w**4/3 - 50*w**2. Give n(2).
-32
Let m(c) = -c**3 - c**2 + c + 1. Let d = 4 + -2. Let n be m(d). Let g = -12 - n. Let v(x) = 2*x**2 + 4*x. Calculate v(g).
6
Let a(m) = m**2 - 4*m - 3. Suppose -4*p = w - 6*w - 58, 0 = -2*w + 3*p - 26. Let t be 24/w + 4/10. Calculate a(t).
9
Suppose -4*x = -5*g - 9, -3*x - 7*g = -2*g - 33. Let c(j) = -j**2 + 7*j + 2. Give c(x).
8
Let i be 20*9/12 + -6 - 5. Let l(z) be the first derivative of z**4/4 - z**3 - z**2/2 - 4*z - 1. Give l(i).
8
Let q be 1/3 + (-28)/12. Let l = 0 - q. Let c(p) = 2 - 2 - 185*p**2 + 188*p**2 - p**3. Determine c(l).
4
Suppose -26 = 4*l - 110. Suppose -2*u + 5*b - l = 0, -2*u - 9 = -b - 0*b. Let k be (3 - 5)*2 - u. Let p(t) = -4*t**3 - 2*t**2 - t. Calculate p(k).
3
Let a(i) = -i**3 + 6*i**2 + 5*i + 8. Suppose 0 = 7*s + 465 - 514. Determine a(s).
-6
Let v be (-7)/5 - (-8)/20. Let t(h) be the second derivative of h**5/10 + h**4/12 - h**3/6 - h**2/2 - 11*h. Determine t(v).
-1
Let l(a) be the third derivative of a**5/60 + 5*a**4/24 - 3*a**3/2 + 145*a**2. What is l(-7)?
5
Let c(m) = -14*m**2 - 2*m - 1. Let y(z) = -5*z**2 + 10*z - 27. Let n be y(5). Let d = 101 + n. Give c(d).
-13
Let p = 26 + -71. Let d = -41 - p. Let m(x) be the second derivative of -x**3/3 + 3*x**2/2 + 2*x. Calculate m(d).
-5
Let w be (-2 - -2)/(1/(-2)*4). Let g = 19 + -16. Let x(y) = y**2 - 4 - 2*y + 0*y**2 + g*y - 2*y. Give x(w).
-4
Let p be 6 - ((-12)/(-3) + -3 + 1). Let y(k) = 5*k**3 - 2 - 7*k**2 - p*k**3 - 2*k**3. Calculate y(-7).
-2
Let d = -313 - -317. Let g(r) = r - 3. Give g(d).
1
Suppose -5*b + 20 = o, 3*o + b = -2*b. Let z(i) be the first derivative of 8 - 1/2*i**2 + 7*i. Give z(o).
12
Let q(z) be the third derivative of -z**5/60 - z**3/6 + 6*z**2. Let d = 10 - 9. What is q(d)?
-2
Suppose 0 = w - 1 - 2. Let a be (-1 - 0/4) + w. Let o(m) = 1 + 4*m**2 + m + 6*m**a + 3*m - 2*m. Give o(-1).
9
Let p(z) be the third derivative of -z**5/60 - 5*z**4/24 + 2*z**3/3 - 18*z**2 - 2*z. Determine p(-5).
4
Let v = -82 + 87. Suppose -j - 17 = v*o, j + 19 = -4*o + 2*j. Let n(g) = 3*g - 1. Calculate n(o).
-13
Let a(n) be the third derivative of -n**4/8 - 2*n**3/3 - 140*n**2. Give a(-4).
8
Let h(r) be the first derivative of r**2/2 + 4*r + 1. Let j be (-3)/8 + 2422/16. Let f = j + -148. Calculate h(f).
7
Let j(b) = 8*b**2 - 3*b - 3. Let k(q) = 3*q**2 - q. Let m(a) = -j(a) + 3*k(a). What is m(0)?
3
Let a(t) = 73*t + 3. Let d be a(0). Let o(m) be the second derivative of 0 + 5/2*m**2 + 2/3*m**3 - d*m - 1/12*m**4. Calculate o(4).
5
Suppose -3*x = -5*d + 4*d - 17, -x - 11 = 3*d. Let j = d - -10. Let w(v) = 3*v - 14. Let s(a) = -a + 5. Let p(y) = 11*s(y) + 4*w(y). Give p(j).
4
Let n(y) = y + 9. Suppose 4*h = -2*g - 24, 0 = -3*g + 3*h + 2*h - 14. Calculate n(g).
1
Let q(b) = -1. Let l(w) = -10*w**2 - 5. Let s(k) = l(k) - 4*q(k). Determine s(-1).
-11
Let f(b) be the first derivative of -b**2/2 + 2*b - 110. Give f(12).
-10
Let o(r) = 2*r + 1. Let f(z) = -8*z - 19. Let t(b) = -f(b) - 3*o(b). Give t(-7).
2
Let h be (-2)/(-8) + 70/(-56). Let o(z) = z + 1. Let i(j) = -2*j - 5. Let u(d) = h*i(d) - 3*o(d). Calculate u(6).
-4
Let c(u) = -11*u**2 - 21*u. Let q be c(-1). Let b(t) = t**2 - 11*t + 14. What is b(q)?
4
Let a(z) be the third derivative of -z**4/8 - 14*z**3/3 - 512*z**2. Give a(-8).
-4
Let w(f) = -7*f**3 - 10*f**2 - 11*f - 8. Let u(y) = -2*y**3 - y**2 - y - 1. Let k(v) = -4*u(v) + w(v). Give k(7).
-4
Let d(k) = k**2 - 6*k - 7. Let o(t) = t. Let r(g) = d(g) + 3*o(g). Suppose 54*s + 55*s + 2*s = 555. What is r(s)?
3
Suppose 4*n + g - 11 = 42, n - 5*g = 8. Let d be (-67)/n + (-18)/(-117). Let t(k) = -2*k - 4. Determine t(d).
6
Let b(n) = -n**2 + n + 5. Let p = -22 + 23. Let g be p/(-2)*0/(-6). Give b(g).
5
Let v = 12 - 3. Let k(o) = -3*o**3 + 9*o**3 - 2 - 7*o - 3 - 7*o**3 + 9*o**2 + 8*o. Calculate k(v).
4
Suppose -c = -2*c + 2. Let f(a) = -a**2 - a - 2. Let n = -1 + 3. Let s(m) = -2*m**2 - 2*m - 2. Let b(k) = n*s(k) - 3*f(k). Calculate b(c).
-4
Let z(r) = 3*r - 3. Suppose -103 = -5*c - 33. Let w(a) = -a**2 + 13*a + 17. Let p be w(c). Calculate z(p).
6
Suppose 124 = 49*l - 72. Let k(u) = 2*u**2 - 7*u + 4. Calculate k(l).
8
Suppose 10*h - 17 = 33. Let g(w) = -w**3 + 6*w**2 - 4*w - 1. Determine g(h).
4
Let d(t) = t - 34. Suppose 0 = s + 3*i + 12, -2*i - 8 = -5*s + 8*s. What is d(s)?
-34
Let o(y) = -y**2 - 8*y - 5. Let m(d) = 3*d - 123. Let w be m(39). Give o(w).
7
Let d(z) = -9*z**3 +